units digit of d?
3
Let d = 7478 + -3701. What is the hundreds digit of d?
7
Let s = 297 + -102. Suppose 0 = 2*y - 5*k + 86, -3*y + 49 = k + s. Let x = y + 98. What is the units digit of x?
0
Suppose 0 = -2*o + 13 + 7. Suppose -3*g - o = -8*g. Suppose -106 = -4*r - r - g*n, -4*r - 4*n = -92. What is the units digit of r?
0
Suppose -6*t - 4*j + 13500 = 0, -2*t - j - 2*j + 4500 = 0. What is the tens digit of t?
5
Let l(j) = 4*j + 16. Let w be l(-9). Let f = -16 - w. Suppose -7*c + 102 = -f*c. What is the tens digit of c?
3
Suppose -3*k = 5*a - 22 + 3, 2*k + 2 = 4*a. Let l = 0 + a. Suppose 10 + 44 = l*v - 3*c, 4*c + 104 = 4*v. What is the tens digit of v?
2
Let c(f) be the third derivative of f**5/60 - f**4/3 + f**3/6 + f**2. Let b be c(8). What is the units digit of (-15)/(-10)*(5 + b)?
9
Let r = 3 - -4. Suppose l + r = 162. What is the tens digit of l?
5
Suppose 0 = a + 3*j - 432 - 113, -4*j = -4*a + 2164. What is the units digit of a?
2
What is the thousands digit of (8248/(-8) + 5)/(-1)?
1
What is the hundreds digit of -2*(-301 + 7 - -6)?
5
Suppose 1 = 2*h - h. Let s(n) = 1. Let m(l) = 5*l - 6. Let o(t) = h*m(t) + 2*s(t). What is the tens digit of o(11)?
5
Let r = 1593 + -1012. What is the hundreds digit of r?
5
Suppose 0 = -2*p - 2*d + 6, 2*p + 3*d - 9 = 3*p. Suppose 2*x = -p*x + 42. What is the units digit of x?
1
Let b(q) = -q + 9. Let a = -26 - -8. What is the tens digit of b(a)?
2
Suppose -46 = -2*a - 0*a. Suppose 4*o - a = -7. Suppose -23 - o = -c. What is the tens digit of c?
2
Suppose -3*f = 5*m - 35, -2*m - 7 = -3*m + 3*f. Suppose m = -a - 0*a. What is the units digit of (a/3)/(9/(-162))?
2
Let i = -140 + 280. What is the tens digit of (-9)/42*-4*i?
2
Suppose -3 = -3*y + 27. Suppose 6*p = y*p + 20. What is the tens digit of (-393)/p + (-2)/(-5)?
7
Let u(g) = 29*g**2 - 4*g + 70. What is the units digit of u(6)?
0
Let i(k) = 9*k**2 + 3*k - 1. Let u be i(-5). Suppose -4*t + u - 11 = 2*l, -l = -5. What is the tens digit of t?
4
Let x = 20 - 23. Let f = -13 + x. Let g = 1 - f. What is the tens digit of g?
1
Let v = 10 - -8. Suppose 3*l = -3*a + v, l - 3*a + 3 - 1 = 0. Suppose -l*t = -103 - 45. What is the units digit of t?
7
Let g = -169 - -299. Suppose 3*h - 455 - g = 0. What is the hundreds digit of h?
1
Suppose -4*d - 12 = -4*y, y + y - 7 = d. Let u(w) = -13 + 2*w + y*w**2 + 3*w - 3*w**2. What is the tens digit of u(-9)?
2
Suppose -26*g + 5702 = -23522. What is the units digit of g?
4
Suppose -n - 1002 = -3*l, 2*l - 5*n - 295 = 373. What is the hundreds digit of l?
3
Suppose -5*t + 5*h + 6085 = 0, 5*h = -56*t + 58*t - 2449. What is the units digit of t?
2
What is the tens digit of ((-10)/(-6) - 1)*(1490 + -5)?
9
Suppose 4*t = 5*p - 37, 2*p = -t + 6 + 1. Suppose -50 = -5*i + p*r, r + 1 - 16 = -4*i. What is the units digit of i?
5
Suppose 0 = 15*x - 26403 - 2907. What is the tens digit of x?
5
What is the units digit of (-43509)/(-45) - (266/105)/(-19)?
7
Let a be (8/(-16))/((-1)/(-4)). What is the units digit of (132/(-8))/(-11) - 207/a?
5
Let y = -40 - -98. Suppose -55*j - 189 = -y*j. What is the units digit of j?
3
Let r = -14 - -24. Suppose -18*l + 16*l = -18. Let p = r - l. What is the units digit of p?
1
Let u(k) = 4*k - 5. Suppose 4*f - 2*f - 10 = 0. Let l = f - 1. What is the tens digit of u(l)?
1
Let t = 220 - -804. What is the units digit of t?
4
Let r(n) = -202*n**3 - 3*n**2 + 1. Let g(w) = -w**3 - w**2 + w - 1. Let z(b) = g(b) - r(b). What is the units digit of z(1)?
2
Suppose -4*s + 0*s - 5*a = -561, -s - a + 140 = 0. What is the hundreds digit of s?
1
Let s(o) = -6 + 5*o**2 + o**3 + 6*o**2 + 10*o + 0*o**3 + 3. Let p be s(-8). Suppose 0 = -2*n - 2, -4*c + 3*n + p - 22 = 0. What is the tens digit of c?
2
Let h be (-8)/(-2) + (2 - 4). Let n be (3 + -3)/(h - -1). Suppose 0*u - 3*u + 54 = n. What is the units digit of u?
8
Let z be 6/(-3)*2/1. Let q be ((-2)/3)/(z/30). Suppose 5*i - 2*t = 108 - 8, -3*i = q*t - 29. What is the tens digit of i?
1
Suppose 1 - 17 = -4*m. Suppose b = 6*a - a - 6, m*a - 1 = -3*b. What is the tens digit of ((-29)/5 - b)*-5?
2
Let b(i) = -2*i + 1. Let c be b(-2). Let h(y) = -4*y + y**2 + c*y - 2*y. What is the tens digit of h(5)?
2
Suppose -216 - 2988 = -12*y. What is the units digit of y?
7
Let k = 82 - -304. What is the units digit of k?
6
Let s(l) be the third derivative of 5*l**4/8 - l**3/2 + 15*l**2. What is the tens digit of s(4)?
5
Let n(t) = -2*t**3 - 5*t**2 + 2*t + 3. Let y be n(-4). Suppose 4*s + 3*q = y, -2*s - 4*q + 34 = -0*q. Suppose i - s = 20. What is the units digit of i?
7
Suppose 0 = 2*l - 1446 - 810. What is the units digit of l?
8
Let s = 319 - 179. What is the hundreds digit of s?
1
Let r = 1143 - -197. What is the thousands digit of r?
1
Let a = 96 - 94. Suppose 0 = -3*u + d + 493, -3*u - a*d + 818 = 2*u. What is the units digit of u?
4
Let d(c) = c + 10. Let m be d(11). Let u = m + 15. What is the tens digit of u?
3
What is the units digit of 0 + 752 + 15/30*-10?
7
Let m(l) = 21*l - 12. What is the hundreds digit of m(11)?
2
Let x(r) = -r**3 - 26*r**2 - 27*r - 67. What is the units digit of x(-26)?
5
Suppose -8 = -2*y, 5*l - 2*y - 90 = -7*y. Let j = l + 28. What is the units digit of j?
2
Suppose -15*t = -18*t + 327. What is the hundreds digit of t?
1
Let o(m) = 2*m + 10*m - 2*m + 6*m + 17. Let w be o(-10). Let s = -81 - w. What is the tens digit of s?
6
Suppose -2*c - 5 = -1. Let a(l) = l - 1. Let j(b) = -8*b**2 - 5*b + 8. Let y(h) = -6*a(h) - j(h). What is the tens digit of y(c)?
3
Suppose 44*b - 10 = 45*b + 5*c, -2*b - c = -7. What is the units digit of b?
5
Suppose -5*k + 3 = -7. Suppose 5*r - 178 = 2*b, -r - k*b + 3*b = -35. What is the tens digit of r?
3
What is the tens digit of (207712/(-224))/((-2)/14 + 0)?
9
Let f(p) = -2*p - 11. Let u be f(-8). Suppose -4 = g + a, a - 1 = 4*g - u. Let y(o) = o**2 - o + 32. What is the tens digit of y(g)?
3
Suppose -16 + 6 = -2*p. Let n(q) = -5*q. Let g be n(-7). Suppose -z - 13 = -2*h, p*z + g = 3*h + 2*h. What is the units digit of h?
6
Let u(q) = -2*q**2 + 5*q + 581. What is the units digit of u(0)?
1
Suppose 4*j = 3 + 5. Suppose -t = -2 - 1. Suppose t*m - j*m = 24. What is the units digit of m?
4
Suppose -2148 = -8*i - 4*i. What is the tens digit of i?
7
What is the units digit of -12*60/(-18)*(-33)/(-4)?
0
Let q(l) = 116*l**3 + l**2 - 1. Let g be 2*(-2 - -1)*(-4)/8. What is the units digit of q(g)?
6
Let v be 8/(4/((-156)/(-3))). Suppose 3*p = k + p - v, 0 = -4*k + p + 451. What is the tens digit of k?
1
Let g = -1197 - -2313. What is the thousands digit of g?
1
Let z(u) = u**2 - 5. Suppose -h + 5*h + 12 = 0. Let j be z(h). Suppose 0 = j*n - 3*i - 101, -3*n - i + 4*i = -72. What is the units digit of n?
9
What is the hundreds digit of 493 - 0 - (-10 + 4 + 7)?
4
Suppose 4*j = 3*j - 38. Let w = j + 26. What is the tens digit of (-438)/w + (-1)/2?
3
Let n = -27 + 35. What is the units digit of (44/5)/(n/40)?
4
Let d = -519 + 595. What is the tens digit of d?
7
Let l be (2 - 146/(-6)) + 2/(-6). Let c = 145 + l. What is the tens digit of c?
7
Suppose 4*g = -16, -2*b + 5*g = 7 - 39. Let q(u) = 9*u + 94. Let d be q(-10). Suppose 28 = j + n, -n = d*j + b - 130. What is the tens digit of j?
3
Suppose -3*v + 6*v - 16 = 4*q, v + 4*q = -16. Suppose 3*d + d = v. Suppose d = -0*r - 2*r - 10, 2*r - 18 = -2*y. What is the units digit of y?
4
Suppose 0*v = -0*v - 9*v. Suppose 0 = 4*m + 3*i - 706, 2*m + 3*i - 286 - 70 = v. What is the hundreds digit of m?
1
Suppose 11*m - 16*m = -15. Suppose 0 = -5*r + m*h + 145 + 60, -h = -5*r + 205. What is the units digit of r?
1
Let q = 10574 - 7417. What is the units digit of q?
7
Suppose -108 = -3*y - 4*h, -3*y = -h - 90 - 3. What is the units digit of y?
2
Let o(y) = -3*y + 23. Let m be o(-7). Suppose 0 = 4*s + t - 89, -5*s - 5*t + m = -56. What is the tens digit of s?
2
Let y be 34/6 - 4/6. Let j = y - -21. Suppose -2*z - 4*c - 2 = -j, -59 = -4*z + 3*c. What is the units digit of z?
4
What is the tens digit of (((-247896)/90)/(-22))/(2/5)?
1
Let c(v) = 5*v**2 - 36*v + 55. What is the tens digit of c(18)?
2
Let l(b) = -440*b - 10. What is the hundreds digit of l(-1)?
4
Let s = 138 - -245. What is the hundreds digit of s?
3
Let q be 20/12 - (-3)/9 - -1830. What is the units digit of 12/54 - (q/(-18) - -1)?